uppose -6*m + n*m + 339 = 0. What are the prime factors of m?
113
Let k(j) = 2*j**2 + 17*j. Let g be k(-7). Let d be g/14*10/1. Let m(l) = l**3 + 15*l**2 - l + 12. List the prime factors of m(d).
3
Suppose 2*i + 2*r - 66686 = 0, -i + 4*r = -4*i + 100034. List the prime factors of i.
2, 79, 211
Let i(r) = r**3 - 7*r**2 + 5*r - 3. Let d be i(5). List the prime factors of d*(-7 + (-85)/10).
2, 7, 31
Let q(z) = z**2 - 17*z - 163. Let s be q(24). Suppose 0 = 2*v + 3*j - 1910, 2*v - s*j - 867 = 1059. What are the prime factors of v?
2, 479
Let v(p) = 16*p + 10. Let a be v(5). Let s = -25 + a. Let d = s - 26. What are the prime factors of d?
3, 13
Let g(d) = d**3 + 13*d**2 + 14. Let k(w) = -3*w + 26. Let b be k(9). Let u be (b - -1) + -12 + -1 + 0. List the prime factors of g(u).
2, 7
Let m be (3 + (-2 - -331))/((-8)/(-4)). Suppose -5*a - 4*i = -403, 3*a - 5*i - m - 61 = 0. List the prime factors of a.
79
Let m(r) = 3446*r**2 - 5*r + 6. List the prime factors of m(1).
3, 383
Let s(u) = 3*u**3 - 3*u**2 + 124*u + 5. List the prime factors of s(14).
5, 1877
Suppose -23 = -3*z - 5. Suppose -3*x = -z*x. Suppose x = 3*i - 307 + 67. List the prime factors of i.
2, 5
Suppose -4*d - 2461 + 1029 = 0. Let z = d - -382. What are the prime factors of z?
2, 3
Suppose -11*r + 54 = 7*r. Suppose -q + 56 = r*b - 2*b, 4*q - 106 = -2*b. What are the prime factors of b?
59
Let n = -919 - -15610. What are the prime factors of n?
3, 59, 83
Suppose -53 = 5*v - 13. Let y be 1222/v + (25/5)/(-20). Let f = y + 273. List the prime factors of f.
2, 3, 5
Suppose 0 = 9*r - 30 - 69. Suppose 101 - 1058 = -r*z. List the prime factors of z.
3, 29
Suppose 4*y + 226 = 2*r, -22*r + 19*r = -5*y - 336. Let a = 821 - r. List the prime factors of a.
2, 3, 7, 17
Let b(p) be the second derivative of -4*p**3/3 + 8*p**2 - 2*p. Suppose 0 = -d + 3*w - 47 + 36, -3*d - w = 13. What are the prime factors of b(d)?
2, 7
Suppose -8*b - 75 + 107 = 0. Let l be 10/3*(-54)/(-15). Suppose l*j - b = 11*j. List the prime factors of j.
2
Let n = -42261 - -64684. What are the prime factors of n?
17, 1319
Let g = 11 - 1. Suppose 15 + 25 = g*m. List the prime factors of (m/(-6))/((-50)/24 + 2).
2
Let n be -1 + 1 + 2 + -1 + 114. Let f = n - 1209. List the prime factors of (-3)/(24/f) - (-3)/(-4).
2, 17
Let l(c) = -c**2 - 2*c. Let x(h) = 8*h**2 + 10*h. Let b(w) = 14*l(w) + 3*x(w). Let y(k) = k**3 + 4*k**2 + k. Let o be y(-4). What are the prime factors of b(o)?
2, 19
List the prime factors of 1 + (6/(-36) - (-47001)/18).
2, 653
Let t be 0/11 + 4 + 1/(-1). Suppose 0*y + t*c = -5*y + 1091, 4*y - 4*c - 860 = 0. Let v = y + -39. What are the prime factors of v?
2, 89
Let a(u) = -2984*u - 2196. What are the prime factors of a(-18)?
2, 3, 53
Suppose u - 12430 = -f, 12*u + 4*f - 62154 = 7*u. List the prime factors of u.
2, 6217
Suppose 0 = 171*r - 186*r + 36840. List the prime factors of r.
2, 307
Let o = 14722 - 8738. What are the prime factors of o?
2, 11, 17
Let o be 48/10 + (-2)/(-10). Let f = 390 + -388. Suppose -f + 8 = -q - 5*j, -o*j = 15. What are the prime factors of q?
3
Let j = 17867 - 673. List the prime factors of j.
2, 8597
Suppose -q - 835 = -o, -2*q = o - 2*o + 838. Suppose 2*t = -0*t + o. Suppose 3*m - t = -m. List the prime factors of m.
2, 13
Let m be 3/((-15)/(-23)) - (-4)/10. Let r(i) = -i - 31. Let x(u) = 2*u + 61. Let v(w) = m*r(w) + 3*x(w). What are the prime factors of v(16)?
2, 11
Suppose 80 = -2*v + 20*r - 25*r, -4*r + 143 = -3*v. List the prime factors of ((-70)/v)/7 - 6334/(-9).
2, 11
Let f = 385 - 387. What are the prime factors of f/(-6)*(568 - 25)?
181
Let s = 980 + -327. Suppose 0 = 3*w - 2*n - 396, -5*w - n = -10*w + s. List the prime factors of w.
2, 5, 13
Let d = -187 - -127. Suppose 5*g + 20 = 5*v, 6*v + 4*g - 16 = 2*v. List the prime factors of 2 - v - d - 3.
5, 11
Suppose 48737 + 66191 = 16*q. List the prime factors of q.
11, 653
Let a be 1/((-2 - 0)/14). List the prime factors of a/(3 + (-417)/69 + 3).
7, 23
Suppose 358*a - 2444833 - 2428908 - 15115905 = 0. List the prime factors of a.
55837
Let n(k) = 71*k**2 + 76*k + 116. List the prime factors of n(-11).
17, 463
Let u(x) be the third derivative of -x**6/120 - x**5/5 + 3*x**4/8 - 7*x**3/6 + x**2 - 7. List the prime factors of u(-15).
13, 41
Let c = -175 + 175. Let f(g) = -g + 259. List the prime factors of f(c).
7, 37
Let y(r) = -3*r + 63. Let s be y(-9). Suppose 4*f + s = 1462. What are the prime factors of f?
7
Let p = 51488 - -19470. What are the prime factors of p?
2, 17, 2087
Let k = 37440 - 34133. List the prime factors of k.
3307
Let k(f) = -6*f**2 - 4. Let a be k(-4). Let d = a + 70. Let n = d + 66. What are the prime factors of n?
2, 3
Suppose -2*u + 270 - 18 = 0. Suppose -5*i = -d + 147, 2*d = 3*d + 2*i - u. Suppose 0*h - d = -h. What are the prime factors of h?
2, 3, 11
Let d be 910/(-117) - (-4)/(-18). List the prime factors of (-2978)/d - (-9)/288*-8.
2, 3, 31
Suppose -30*u + 6 = -28*u. Suppose 4*s - 43 = 5*t - 989, -947 = -5*t + u*s. What are the prime factors of t?
2, 5, 19
Let x(a) be the second derivative of a**4/4 + 17*a**3/6 - 37*a**2/2 - 26*a. What are the prime factors of x(11)?
3, 19
Let j = 851 + -849. Suppose -j*b - 2*f + 3292 = 3*f, 0 = 4*b + 4*f - 6572. List the prime factors of b.
3, 547
Suppose 3*c + 15 = 2*g, 2*g = 4*g + c + 5. Suppose g = -4*h + 3*n + 4284, 5*h + n - 5362 = 3*n. What are the prime factors of h?
2, 3, 179
Let v(k) = 13 + 328*k + 316*k - 633*k. Suppose -h + 2*z + 2 + 2 = 0, 5*z = 2*h - 4. What are the prime factors of v(h)?
5, 29
Let j(l) = 3*l - 19. Let r be j(8). Suppose y - 148 = -r*s, -3*y - 36 = -0*s - s. Suppose s*a = 28*a + 124. List the prime factors of a.
2, 31
Suppose 8*f = -9*f + 34. Suppose 4*t - 3*s - 7371 = 0, -4*t + f*s - 2080 = -9450. List the prime factors of t.
2, 3, 307
Let w = 45962 + 17560. What are the prime factors of w?
2, 3, 3529
Let i(b) = -b**3 + 105*b**2 + 570*b - 299. What are the prime factors of i(109)?
3, 19, 251
Suppose -21 - 4 = -5*c + 5*l, 0 = -5*l - 10. Suppose c*z - 10*z = 28. List the prime factors of (-1941)/(-15) + z + 9/15.
2, 3, 7
What are the prime factors of 147/196 + (-54)/8 + 8210?
2, 7, 293
Let q(a) = 194*a**2 + 2. Let t be q(1). Let z = t + -114. Suppose -2 = -l + z. What are the prime factors of l?
2, 3, 7
Suppose 41*u + 0*u = -9*u + 127100. What are the prime factors of u?
2, 31, 41
Suppose 0 = 5*z + 3195 - 24550. What are the prime factors of z?
4271
What are the prime factors of 225/150*(0/1 - 2)*-1009?
3, 1009
What are the prime factors of 39*((-1281)/(-36) - (-60)/(-48))?
13, 103
Let i be (-2678 + -7)*2/5. Let r = 2486 + i. What are the prime factors of r?
2, 353
Let b(i) = i**3 - 43*i**2 - 94*i - 88. List the prime factors of b(55).
2, 11, 17, 83
Suppose 0 = 3*j + 3*s - 20829, -s - 39255 + 11468 = -4*j. List the prime factors of j.
2, 23, 151
Let d be (-20)/(-70) + (-542)/(-14). Suppose -h + 123 = -5*j, -h + 84 = -3*j - d. Let o = h - -65. What are the prime factors of o?
2, 47
Let j be (7 - (-184)/(-24))*(-559 + 1). Suppose -2*k - 1873 = -8*p + 3*p, -3*k - j = -p. List the prime factors of p.
3, 5
Suppose 0 = 2*t - f - 78, 0 = 3*t - 5*t - 2*f + 90. Suppose -t*m + 6142 + 3001 = 0. List the prime factors of m.
223
Let f be (4/(-22) - (-310)/(-110))/(-1). Suppose -6*p + f*x = -9*p + 561, -2*x = 4*p - 738. What are the prime factors of p?
2, 7, 13
Suppose -c + 97 - 87 = 0. Suppose 9 = c*d - 31. Suppose 5*p = -2*y + 1369, d*y + 523 + 589 = 4*p. What are the prime factors of p?
5, 11
Let d(w) = 24*w - 26. Let k(n) = n**3 + 8*n**2 - n. Let z be k(-3). Let f be -1 - (z/(-56))/(2/14). What are the prime factors of d(f)?
2, 47
Let g = 384 - 384. Suppose g = 4*x + 13*x - 12750. List the prime factors of x.
2, 3, 5
Let s(f) = 2*f**2 + 27*f - 6. Let y be s(-14). Suppose 2*w - 4*w + y = 0. List the prime factors of 2 - (w + 19/(-1)).
17
Let z be ((-25)/(-6) - 4) + (-4)/24. Suppose z = 3*d + 6 - 18, 0 = o - 3*d. Suppose 0 = 4*w - o*w + 1024. List the prime factors of w.
2
Let f(q) be the third derivative of -107*q**4/24 - 29*q**3/6 + 2*q**2. Let b be f(-6). Suppose 8*h - 667 = b. What are the prime factors of h?
2, 5
Suppose 2*o = 2*q - 54, 2*q - 3*o = 9 + 48. Let c(y) = 5*y + 21. What are the prime factors of c(q)?
3, 47
Suppose 0 = -2*x + 7